 288 - 20 - 122. Is s(7) a prime number?
True
Let t = -112344 - -297773. Is t prime?
True
Let a(t) = 6 - 35*t - 74*t - 189*t + 43*t. Let h(f) = -f. Let y(i) = -a(i) + 2*h(i). Is y(1) a composite number?
True
Suppose 49*i - 53*i = 3*o - 1070043, 2*o - 3*i - 713413 = 0. Is o composite?
False
Suppose -503*x - 19766327 = -636*x. Is x a prime number?
False
Let q = 325 + -319. Suppose q*h - 9*h = -15441. Is h composite?
False
Let w(k) = 15 + 9*k - 18 - 1. Let z be w(1). Suppose -5*h + 4*i = -4051, 320 + 2081 = 3*h + z*i. Is h prime?
False
Is (-1165265)/34*(-20)/10 a composite number?
True
Let d(b) = 2*b**2 + 59*b - 77. Let x(k) = 6*k**2 + 179*k - 233. Let l(j) = -8*d(j) + 3*x(j). Is l(26) a composite number?
True
Suppose 0 = 24*g - 38137 - 672959. Is g prime?
True
Suppose 7*m - 7 = 14. Suppose -4*f - 6144 = -4*w, -4604 = -m*w + f - 2*f. Suppose -g + 374 = -3*z + 67, 2*z + w = 5*g. Is g a composite number?
False
Let v be (-3)/(-1) + -9 + -1. Let x(q) = 9*q - 7 + 11*q**2 - 4 + 10*q**2. Is x(v) a prime number?
False
Let g = -52 - -50. Let c be 120/(-6)*g/5. Is 346/c*22 + 2/(-4) a prime number?
False
Let z be ((-4)/(-10))/((-16)/80). Let t be (-1680)/((-4)/(-16)*z). Suppose -5*b + t = 965. Is b a prime number?
True
Let q(b) = 3030*b**2 - 38*b - 758. Is q(-14) composite?
True
Let v(d) = -7472*d - 145. Is v(-1) a prime number?
False
Let d(x) = -x - 3. Let u be d(-3). Let i be u/(-3 - (-20)/5). Suppose 0 = -5*g - 2*o + 1489, -2*g + i*o = 2*o - 592. Is g composite?
True
Let p = 1922 + -5319. Let k = p + 8474. Is k a prime number?
True
Suppose 77*h - 49*h = 246148. Is h composite?
True
Let k(g) be the second derivative of -17*g**3/6 + 25*g**2/2 + 15*g - 2. Is k(-8) a prime number?
False
Let j = -10 + 9. Let q be ((-6)/4)/((-18)/(-24)*j). Is 318/8*q*154/21 a prime number?
False
Suppose 629*b - 477393 = 608*b. Is b a prime number?
False
Suppose 0 = 5*k + 1090*p - 1086*p - 556581, -k + 111321 = -4*p. Is k prime?
True
Let q be 30/(-35)*7/(-2). Suppose 0 = 8*x + 47881 - 152545. Suppose -x = -q*d + 4830. Is d a composite number?
True
Let t(j) = -16*j**3 - 23*j**2 - 56*j - 65. Is t(-12) composite?
False
Let p = -31 - -86. Is 9774/10 - 22/p a prime number?
True
Let z(g) = 51*g**2 + 11*g - 25. Let u be z(5). Let s(m) = 25*m**2 + m + 22. Let i be s(9). Let b = i - u. Is b composite?
False
Let h(d) = -20*d**3 - 20*d**2 + d + 23. Is h(-10) prime?
True
Let t = 479085 - 110424. Is t prime?
False
Let i = 24989 - 16140. Is i a composite number?
False
Let l(h) = -h - 10. Let s be l(-3). Let q = -3 - s. Suppose 2*f - 2*g = 257 + 119, -q*g + 744 = 4*f. Is f composite?
True
Let o be 1 + (3 - (-13 + 1)). Suppose 3*a + 2*p = 17, 0*a - o = -3*a - p. Suppose 7 = -a*q - 3, 4*q = -5*r + 97. Is r a prime number?
False
Suppose s + 7*s = -24. Let i be 1333 - (-3 - -5) - s. Suppose -r + 3*r = i. Is r a prime number?
False
Suppose -5467 = -6*l - 589. Suppose -971 = -4*v + l. Is v composite?
True
Let m(y) = -2*y - 14. Let x be m(-7). Let n(l) = -2*l**2 + l + 1105. Let d be n(x). Suppose -d = 2*v - 3675. Is v composite?
True
Suppose -23*s + 1108954 - 308807 = 0. Is s composite?
True
Let c = 11443 - -34798. Is c a composite number?
True
Suppose -2*o = -4*o. Suppose o = -14*s + 13*s - 1943. Let w = s + 4122. Is w a prime number?
True
Let u(m) = m**3 - 32*m**2 + 210*m + 347. Is u(42) a composite number?
True
Let z(w) = 1874*w + 3459. Is z(52) a composite number?
False
Suppose -k + 362 = -466. Let r = k - -165. Is r prime?
False
Is (-9505840)/(-1488) + (-3)/((-9)/2) a prime number?
True
Let u(t) be the first derivative of -27*t**4/4 + 2*t**3 + 4*t**2 + 9*t - 17. Is u(-4) composite?
False
Let o(l) be the first derivative of -159*l**2 - l + 54. Is o(-8) a prime number?
True
Let l be (-10)/(-5 - -3) + -158. Let k = 179 + l. Is k composite?
True
Suppose -2*z = -2, -8*h + z - 57686 = -3*h. Is 2/(-3) + (-6)/(18/h) composite?
True
Suppose -5*y = 19*v - 17*v - 181833, 0 = v - 2*y - 90939. Is v a composite number?
True
Let q(o) = -10*o + 13 + 285*o**2 - 14 - 5*o + 16*o. Is q(-3) composite?
True
Suppose -a = 2*c - 227510, 182247 = 2*c - 3*a - 45247. Is c a prime number?
False
Suppose -2*o + 8*o = 3720. Suppose 4*z + 2*j + o = 2350, 4*z = 4*j + 1712. Is z composite?
False
Let g be ((-76)/(-12) + -7)/(6/(-18117)). Let f = 620 + g. Is f a composite number?
False
Is (5/8 - (-22)/176) + (-1901613)/(-84) a prime number?
True
Let q(i) = -334*i**3 + 13*i**2 - 40*i - 509. Is q(-10) a prime number?
False
Let s = 247032 + -135565. Is s composite?
False
Let w(b) = -75*b - 211. Let o(t) = -226*t - 631. Let u(h) = 3*o(h) - 8*w(h). Is u(-32) prime?
False
Suppose 0 = 4*z - 5*p - 646606, 3*p = -2*z + 113017 + 210319. Is z a prime number?
True
Let y(a) = -19*a**2 + 2*a + 1. Let n be y(-1). Let v(f) = -f - 19. Let u be v(n). Suppose 6 = -5*c + u, c = -5*d + 2424. Is d a composite number?
True
Suppose 0 = 3*f + f. Suppose z = -5*h + 8667, f*z - 2*z - 5*h = -17329. Let w = -3155 + z. Is w a prime number?
True
Let f(d) = 2*d**2 + 5*d - 14. Let u be f(11). Let g = u - -712. Suppose 14*t = 19*t - g. Is t composite?
False
Let r = -315888 + 456845. Is r composite?
True
Is (39529364/21)/23 - (-2)/(-6) composite?
True
Suppose 286*f - 287*f + 25 = 0. Suppose f*u = 11*u + 68054. Is u composite?
False
Is (1880483/(-44))/(51/(-12) - -4) composite?
False
Suppose -2*o + o = -5*b + 19, b + 2*o = -5. Suppose 5*r - 2*w + 815 = b*w, -163 = r - 2*w. Let i = r - -320. Is i composite?
False
Let y(i) = -2*i**3 - 2*i**2 - 47*i - 13. Is y(-20) prime?
True
Suppose 10*c - 13*c + 27 = 0. Is 1*3163 - (9 - c)/10 a composite number?
False
Suppose 2*r - r = -4*q + 6, 0 = -5*r + 5*q + 80. Let a be (-7974)/45*(-1 - (-6)/(-4)). Let d = r + a. Is d composite?
False
Suppose -4*f + 589 = 5*s - f, -2*f + 238 = 2*s. Suppose s*t = 121*t - 9205. Let j = -990 + t. Is j prime?
False
Let l be 7 - (-154)/(-21) - (-14)/6. Suppose 6*u - l*u + 4 = 0. Is (2 - (u + 1)) + 12624/16 a prime number?
False
Let s(x) = -18*x + 15. Let u be s(1). Is 2/u*92580/(-40) prime?
True
Let o(y) = -4*y**3 - 11*y**2 + 66*y + 15. Is o(-19) a prime number?
False
Let t = 20611 - -18112. Is t prime?
True
Let i = 16477 - 3857. Suppose 12*f = 16*f - i. Is f a composite number?
True
Let g be (-3 + (4 - 40))*631. Let o be (g/(-52))/((-6)/(-8)). Suppose 0 = 4*x + o - 2603. Is x a prime number?
False
Suppose 4*q = -15*q + 7351031 - 1448130. Is q prime?
False
Let n be 4609 + -2 + -5 + -9. Suppose -5*y - 5*i = -50155, n = 2*y - 2*i - 15477. Is y a composite number?
True
Suppose -18 = -3*u, 196813 = v - 4*u - 125866. Is v composite?
True
Let b(k) = -68*k**2 + 5*k + 5. Let y be b(-4). Let p = 8640 - y. Is p a prime number?
True
Let g be (438 - -1)*-8*21/(-56). Is -3*g/9*-11 prime?
False
Suppose 6 = 3*d - 39. Suppose 15*r + d = 18*r. Suppose -4 + 39 = r*y. Is y a composite number?
False
Let m = 8709 - 2913. Let q = -3997 + m. Is q prime?
False
Let a(s) be the second derivative of -s**5/20 - 3*s**4/4 + 35*s**3/6 + 17*s**2/2 + 12*s. Let c(q) = q. Let r(y) = -a(y) - 5*c(y). Is r(-12) composite?
False
Let a be 4 - (1 + 6 - 5). Is 4/(-10)*-15 + (a - -5349) a prime number?
False
Suppose -38 = -3*w - y, 4 = w + 2*y - 7. Suppose 3*v - 1738 = -2*q, -2*q - w*v + 16*v + 1714 = 0. Is q composite?
False
Let v = -87 - -53. Let h = v + 36. Suppose 8*z = h*z + 534. Is z a composite number?
False
Suppose 143*r = 2*r + 69409326 + 15831. Is r a composite number?
False
Let l(t) = 12*t**2 - 14*t - 37. Let s(z) = -11*z**2 - 37 + 24*z**2 + 201*z - 214*z. Let v(a) = 6*l(a) - 5*s(a). Is v(-21) a composite number?
False
Suppose 63*s - 34588 - 4683652 = 8229457. Is s composite?
False
Let s = 439 - 436. Suppose s*z = 4*u - 77 - 1349, u + 4*z - 347 = 0. Is u a prime number?
False
Let t = 72 - 70. Let c(l) = 20*l + 5*l**t + 4 + 8*l**2 + 12. Is c(-9) prime?
False
Let n = 246 - 244. Suppose n*h = -2*z + 1320, 12*h + 668 = z + 9*h. Is z composite?
True
Let w(z) = z**2 - 109*z + 202. Let n be w(54). Suppose 5*k + f = -14, -f + 20 = -6*f. Is (-11)/33*(n - (0 + k)) prime?
False
Suppose -3*j + 15 = 2*h, 4*h = 5*h - 5*j + 12. Suppose 0 = -h*i + 2*i + 85. Suppose -9865 = -i*r + 80*r. Is r a prime number?
True
Let o(r) = r**3 - 25*r - 41. Let j be o(-2). Is (j + 269431)*75/600 prime?
True
Is (-10343)/((-327)/(-1308) + (130/488)/(-1)) a prim